is the value of (1 + 2 - -13) + 0 + (-5 - -5)?
16
Evaluate (-17 + 8 - (-4 + -3) - -12) + -46.
-36
What is 20 - 26 - (-8 + 2) - 8?
-8
What is (4 - 2) + (3 - -4) + -2 + -2?
5
What is the value of (0 - -39) + -32 - -22?
29
What is -1 - ((-1 - -1) + 0 - (1 - -1))?
1
-23 - (18 - (4 - -33))
-4
Evaluate -7 + 5 + (-16 - -16) - 5.
-7
Evaluate -5 + 23 + -20 + -8 + 4.
-6
Evaluate (-241 - -228) + 1 + 9.
-3
What is the value of (48 - (-38 - -45)) + -20?
21
What is 5 + -5 + 7 - (-44 - -35)?
16
8 - (-5 - (7 - -10 - 14))
16
What is 0 + (-2 - 1 - (-30 + 24))?
3
What is -21 + (22 - (4 - 13))?
10
What is (-56 - -38) + 4 + 5?
-9
What is the value of -25 + 1 + 9 + 2?
-13
What is -9 - -9 - -3 - (1 - -9)?
-7
((6 - 6) + 0 - 12) + (11 - 14)
-15
What is the value of (-5 - ((4 - 4) + -4)) + (2 - -3)?
4
Calculate (-24 - -13 - 1) + (2 - 9) + 2.
-17
-19 + (20 - 28) + 24
-3
-3 - (23 + -48) - (13 - 4)
13
What is the value of 14 - (12 + -20 + 28) - -4?
-2
Calculate 3 - (7 - (-2 + -6 + 14)).
2
Calculate (30 - -7) + -11 + -11 + 1 + -8.
8
Evaluate 7 + (-2 - 2) + -1 + -1 + 8.
9
Evaluate -19 - -22 - (3 - 0) - (-30 - -41).
-11
Evaluate (-7 - -8) + 5 + (-3 - (5 + -5)).
3
Evaluate 8 + 3 + -2 + -7 + -17 + -1.
-16
What is the value of (3 - (2 - -8)) + (8 - 0) - 2?
-1
What is the value of (-5 - 3) + -6 + 25 + -3?
8
Calculate (-41 - -57) + (-2 + (-4 - 2) - -1).
9
What is -10 - (2 - 18) - (4 + -2) - 19?
-15
Calculate 14 + -23 + -3 + -3 + 2 + -2.
-15
Evaluate -16 - (13 + -28 + 13).
-14
What is the value of -43 + 38 + (0 - -13)?
8
What is the value of 32 + (-9 - -14 - 14) + -10?
13
Evaluate 5 + -12 - (-7 + 2 - 0).
-2
What is 20 - (9 + (-2 - -1))?
12
Calculate 6 + (-2 - ((-13 - -14) + -2 + 5)).
0
Calculate (-54 + 22 - -26) + 37.
31
Evaluate 47 + 27 + -59 - (-2 + (1 - 2)).
18
What is -32 + 1 + (9 - -18)?
-4
Calculate -21 + 2 - (13 + 3 - 2 - 7).
-26
Evaluate (2 - -7) + (11 - 24) + 8.
4
Calculate 17 - (6 + (-3 - 1) - (-13 + 12)).
14
What is the value of -12 + -16 + 8 + 13 + 4 + 0?
-3
What is (-4 - (19 - 28)) + (-4 - -1 - 17)?
-15
Evaluate (8 - 17) + (9 - 19 - -6).
-13
Evaluate -45 + 25 + -12 + 18.
-14
(10 + -10 - -33) + -17
16
Calculate (-18 - -10) + 2 - (-11 + -14).
19
Evaluate 7 - (-30 + 31 - 11 - (1 - 3)).
15
Calculate 0 + (-6 + 3 - (4 + -9)).
2
What is the value of 6 + (-8 + 3 - (3 + -7 + 6))?
-1
Evaluate -19 + (23 - 11) - (1 - 1).
-7
What is the value of (13 - (6 + -13)) + -40?
-20
Calculate 27 - (221 + -237 + 13 + 2).
28
What is -3 + (12 + -8 + -4 + 0 - 2)?
-5
What is 33 + -38 + (-1 - -34)?
28
Calculate (-13 - -8 - (-2 + 4)) + 9.
2
Evaluate -11 - (-25 - (0 + -14)).
0
Evaluate (-17 - -23) + -21 + -1.
-16
Calculate 22 + -29 + (2 - (-7 - 5) - -8).
15
What is (12 - 8) + -5 - 1 - 4?
-6
What is the value of -2 - (1 - (-4 - (-3 - (5 - 2))))?
-1
11 - -2 - (-15 - (12 + -40))
0
What is (13 - 23) + 8 + 1?
-1
Evaluate 8 + -29 + (4 - 11).
-28
-8 + -2 + (-27 - -24) + 17
4
What is the value of (-5 - (0 + 13)) + 10?
-8
Evaluate (38 - (-5 - -10)) + (6 - 11) + -2.
26
What is (25 - 20 - 1) + (2 - 15)?
-9
Evaluate 4 - (-7 + 6 - (-1 - -1)).
5
What is 3 - (-19 + -11 + 6 + 7)?
20
Evaluate -37 + (33 - 10) + (0 - 1).
-15
(51 - -1) + -45 - (-4 + -1)
12
What is the value of -778 + 759 + (-5 - (-1 + 6 + -2))?
-27
What is (26 - 50 - -13) + -1?
-12
Evaluate (9 - 3) + (-4 - 5) + 2 - 3.
-4
-9 - (-11 - (-27 + 17 - -32))
24
Calculate (-15 - -13) + (-7 - 3 - -7 - 1).
-6
What is -2 - -14 - (-44 - -37)?
19
What is (-14 - 17) + 4 + 22?
-5
What is the value of -8 + (47 - 35 - (-3 + -5))?
12
Evaluate (20 - 15) + 0 + 3 + -8 + 4.
4
What is the value of (6 - 12) + -1 + 30 + -2?
21
-12 - -11 - (-16 + 19)
-4
Evaluate (16 - (-12 - -9)) + -17 - (14 - 1).
-11
Evaluate 5 + (-9 - (8 + -3) - 3).
-12
What is the value of 5 + 3 + (15 - 22) - 0?
1
Evaluate 1 - (-9 - (31 + -19)).
22
What is the value of 18 - 0 - (6 + -19 + 20 - 6)?
17
Calculate 17 + (0 - (-1 - -14)).
4
Calculate 4 + -2 + (2 - 6) + -69 + 69.
-2
Evaluate (-5 + -10 - -12) + -1 - (1 + 1).
-6
What is the value of 11 + -14 + -1 + 9?
5
(17 - 1) + (11 + -32 - -16)
11
Evaluate -1 - (1 - 0) - ((-1 - -19) + -10).
-10
What is the value of -10 + 2 + -20 - -49?
21
What is the value of -4 - (10 - 6) - ((5 - 10) + -7)?
4
Calculate -13 + (-16 - -32) + 14.
17
What is (-5 + -3 - -8) + -2 + 0?
-2
What is the value of 2 + 5 + -17 + (-3 - -9) + 6?
2
What is 4 - -8 - (0 - (9 - 12))?
9
Calculate 1 - (-19 + 10 + -4) - 1.
13
Evaluate (21 - 18) + (-10 - -4).
-3
Calculate 18 + 1 + (378 - 393) + (5 - 0).
9
Evaluate 6 + 9 + -11 + -9.
-5
Calculate 6 + 19 + -44 + 7 + -18.
-30
Evaluate -4 + (5 - 6) + 1 + 2 + -1.
-3
Calculate -360 + 338 + (-2 - 0) + 12.
-12
Evaluate -75 + 74 + (-17 - 1) + (3 - 0).
-16
Evaluate (1 - 1) + 1 - (-31 + -7 - -30).
9
What is -7 - (29 + -40 + (-3 - -24))?
-17
Calculate -726 + 725 + (1 - -5).
5
What is -9 + 1 + (-8 + 14 - -1)?
-1
Calculate 14 + 0 + 1 + (47 - 56).
6
7 + -1 + -2 + 4 + (-2 - -1)
7
-25 - -22 - (3 + 2) - -5
-3
Calculate 11 + (33 - (98 - 28)).
-26
What is -18 - (-62 + 6 - 5) - 14?
29
Evaluate -601 + 592 - (-32 - 0).
23
Calculate 4 + -23 + 14 + -4 + -6.
-15
What is the value of -9 - (7 + (-2 - 7) - 5)?
-2
Calculate 17 - ((-13 - -16) + 1).
13
Evaluate 1 + (24 - (0 - (9 + -7 + -8))).
19
What is 29 - 5 - (40 + 10)?
-26
Calculate (18 - 12 - (-3 - -12)) + (1 - -6).
4
What is the value of 12 + (7 - (-13 + 36))?
-4
What is the value of 246 + -236 - (5 + -10 + 31)?
-16
What is -4 + 7 + -3 + (-20 - -9) + -2?
-13
24 - (60 - 37 - -19)
-18
What is -9 + (-45 - -27 - -11)?
-16
(-3 + 1 - (19 + -14)) + -3
-10
Evaluate 9 + (14 + -31 - -11 - (22 - -1)).
-20
What is (3 - 5) + (-11 + 14 - 8)?
-7
What is the value of 1 - 25 - (5 - 5) - (0 - 7)?
-17
Evaluate (5 - 13) + 8 + 3.
3
What is 4 + 6 + -1 + 3?
12
Evaluate 15 + -4 + (7 - 0) + -18.
0
Calculate (6 - 11) + (107 - 82).
20
What is the value of -4 - (1 + (9 - 7))?
-7
What is (-8 - -5) + (9 - 5) - 3?
-2
What is (1 - -13) + (-1 - 14)?
-1
What is (5 - 7) + (6 - (2 + -1)) + -15?
-12
What is (6 + (0 - 8) - 4) + -6?
-12
Calculate 0 + 2 + (-2 - -2) - -1.
3
Evaluate (12 + -16 - 10) + 1.
-13
Calculate 6 + (2 - -11 - 10 - -1) + 21.
31
Evaluate 1 - -6 - (7 + (24 - -17 - 26)).
-15
Calculate -12 - ((15 + -8 - 5) + (7 - 3)).
-18
Evaluate -16 - ((-20 - 2) + 30).
-24
Calculate 5 + -4 + -9 + 3 - 8.
-13
Evaluate 13 - (-5 - 8) - (5 - -3 - 1).
19
Evaluate -6 + (1 - -1) - (-5 - -26 - 11).
-14
What is -5 - (-5 + 5) - 4?
-9
Calculate -30 + (1 + (-8 - 8) - -18).
-27
What is the value of -23 + (88 - 31 - 31)?
3
Evaluate 2 + 11 - (17 + -17).
13
What is the value of 1 - (-1 + 0 + 1) - (-312 + 309)?
4
40 + -29 - (2 - 4)
13
-24 - (3 - 18) - (1 - 16)
6
Calculate (3 - (40 + -24 - (-1 + 7))) + 16.
9
What is 2 + 24 + -34 + 16 + (-1 - 20)?
-13
What is the value of -200 + 162 + -2 + 26?
-14
Evaluate -14 - (-10 + 11 + 2 + -2).
-15
What is -2 - (5 + -35 + 38)?
-10
Evaluate -6 - (14 - (-24 + 21)).
-23
-9 - (-16 - (-2 + 3 - 2))
6
What is (6 - 17 - -6) + (2 + -5 - 4)?
-12
-3 - 21 - -19 - (-2 + 1 + 0)
-4
What is the value of -6 + (-1 - -12 - 8) - (2 - -6)?
-11
-7 - (4 - (4 - -1) - -7 - -3)
-16
(-25 - -31) + (9 - (9 - -1))
5
Calculate 4 + (-5 - (-12 + 8 + 6)).
-3
Calculate 22 + -23 - (-5 + 4 - (-14 + 2)).
-12
4 - (-5 + 1 - -1 - (-45 - -40))
2
(27 - 32) + (3 - (5 - (13 + 2)))
8
What is the value of 2 - 0 - (52 - 49) - (32 + -27)?
-6
Calculate 54 - 49 - (-4 - (-2 + 4 + -2)).
9
(-14 - -3) + (-5 - 3) + -5
-24
Evaluate 1 + 12 + (8 - 10) + 9.
20
Calculate (-7 - -1) + 18 - (1 - 5).
16
What is the value of 8 - -1 - (-187 + 175)?
21
Calculate (-1 - 0) + 2 + (-22 - -12 - 4).
-13
What is 16 + (11 - 14) + -4?
9
What is 34 - ((-4 - -1) + -4 - -7) - 3?
31
Calculate -1 + -8 + 20 + -3 + (-14 - -35).
29
Evaluate -2 - (-4 + 7) - (119 + -126).
2
Calculate -5 - ((1 - 0) + (-19 - -1) + 16).
-4
Evaluate 2 + -11 - (-6 + 5 + -18 - -2).
8
Calculate (9 - 2) + -14 + -5 - -4.
-8
Evaluate -1 + -13 + (18 - 36) + 23.
-9
Calculate 6 + (0 - (9 + -2 + 7 + -16)).
8
-22 + 3 - -26 - 14
-7
What is (44 - 45) + (2 - (-7 - -3))?
5
What is -3 + 4 + -1 + (-7 - 6) + 3?
-10
What is 1 + -7 - (-5 + -2 + -9 + 10)?
0
Evaluate -11 - -27 - 13 - -11.
14
(127 - 115) + (-36 - -2 - 0)
-22
What is 167 - 181 - (-4 + -2)?
-8
-15 + -20 - -40 - -12
17
Calculate -8 + -2 - (-6 - 8).
4
-18 + (-20 - -23) + -20
-35
What is the value of -8 + (3 +